{"id":620,"date":"2025-03-16T20:03:44","date_gmt":"2025-03-16T19:03:44","guid":{"rendered":"https:\/\/carlindia.com\/?page_id=620"},"modified":"2025-03-16T21:41:30","modified_gmt":"2025-03-16T20:41:30","slug":"champetres","status":"publish","type":"page","link":"https:\/\/carlindia.com\/index.php\/champetres\/","title":{"rendered":"Champ\u00eatres"},"content":{"rendered":"\n<p><strong>ANNIVERSAIRES &amp; EVJF<\/strong><\/p>\n\n\n\n<p><img loading=\"lazy\" decoding=\"async\" height=\"16\" width=\"16\" src=\"https:\/\/static.xx.fbcdn.net\/images\/emoji.php\/v9\/t1e\/1\/16\/1f33f.png\" alt=\"\ud83c\udf3f\"><img loading=\"lazy\" decoding=\"async\" height=\"16\" width=\"16\" src=\"https:\/\/static.xx.fbcdn.net\/images\/emoji.php\/v9\/t8c\/1\/16\/1f389.png\" alt=\"\ud83c\udf89\"> C\u00e9l\u00e9brez Votre Ev\u00e9nement Autrement : Optez pour une Journ\u00e9e Champ\u00eatre ! <img loading=\"lazy\" decoding=\"async\" height=\"16\" width=\"16\" src=\"https:\/\/static.xx.fbcdn.net\/images\/emoji.php\/v9\/t8c\/1\/16\/1f389.png\" alt=\"\ud83c\udf89\"><img loading=\"lazy\" decoding=\"async\" height=\"16\" width=\"16\" src=\"https:\/\/static.xx.fbcdn.net\/images\/emoji.php\/v9\/t1e\/1\/16\/1f33f.png\" alt=\"\ud83c\udf3f\"><\/p>\n\n\n\n<p>Envie de prendre un grand bol d\u2019air et de marquer le coup avec un \u00e9v\u00e9nement original et inoubliable ? Que ce soit pour un anniversaire d\u2019enfant ou un enterrement de vie de jeune fille, offrez-vous une journ\u00e9e en pleine nature, loin du bruit et du stress ! <img loading=\"lazy\" decoding=\"async\" height=\"16\" width=\"16\" alt=\"\ud83d\udc34\" src=\"https:\/\/static.xx.fbcdn.net\/images\/emoji.php\/v9\/t2d\/1\/16\/1f434.png\"><img loading=\"lazy\" decoding=\"async\" height=\"16\" width=\"16\" alt=\"\u2600\ufe0f\" src=\"https:\/\/static.xx.fbcdn.net\/images\/emoji.php\/v9\/t6d\/1\/16\/2600.png\"><\/p>\n\n\n\n<p><img loading=\"lazy\" decoding=\"async\" height=\"16\" width=\"16\" alt=\"\u2728\" src=\"https:\/\/static.xx.fbcdn.net\/images\/emoji.php\/v9\/tf4\/1\/16\/2728.png\"> Au programme :<\/p>\n\n\n\n<p><img loading=\"lazy\" decoding=\"async\" height=\"16\" width=\"16\" alt=\"\u2714\" src=\"https:\/\/static.xx.fbcdn.net\/images\/emoji.php\/v9\/t51\/1\/16\/2714.png\"><a><\/a>Contact avec les animaux <img loading=\"lazy\" decoding=\"async\" height=\"16\" width=\"16\" alt=\"\ud83d\udc10\" src=\"https:\/\/static.xx.fbcdn.net\/images\/emoji.php\/v9\/teb\/1\/16\/1f410.png\"><img loading=\"lazy\" decoding=\"async\" height=\"16\" width=\"16\" alt=\"\ud83c\udf33\" src=\"https:\/\/static.xx.fbcdn.net\/images\/emoji.php\/v9\/t6b\/1\/16\/1f333.png\"><\/p>\n\n\n\n<p><img loading=\"lazy\" decoding=\"async\" height=\"16\" width=\"16\" alt=\"\u2714\" src=\"https:\/\/static.xx.fbcdn.net\/images\/emoji.php\/v9\/t51\/1\/16\/2714.png\"> Balade \u00e0 poney ou \u00e0 cheval <img loading=\"lazy\" decoding=\"async\" height=\"16\" width=\"16\" alt=\"\ud83d\udc0e\" src=\"https:\/\/static.xx.fbcdn.net\/images\/emoji.php\/v9\/t1\/1\/16\/1f40e.png\"><\/p>\n\n\n\n<p><img loading=\"lazy\" decoding=\"async\" height=\"16\" width=\"16\" alt=\"\u2714\" src=\"https:\/\/static.xx.fbcdn.net\/images\/emoji.php\/v9\/t51\/1\/16\/2714.png\"> Jeux et d\u00e9fis en plein air <img loading=\"lazy\" decoding=\"async\" height=\"16\" width=\"16\" alt=\"\ud83c\udfaf\" src=\"https:\/\/static.xx.fbcdn.net\/images\/emoji.php\/v9\/tb0\/1\/16\/1f3af.png\"><\/p>\n\n\n\n<p><img loading=\"lazy\" decoding=\"async\" height=\"16\" width=\"16\" alt=\"\u2714\" src=\"https:\/\/static.xx.fbcdn.net\/images\/emoji.php\/v9\/t51\/1\/16\/2714.png\"> Ap\u00e9ritif ou go\u00fbter champ\u00eatre <img loading=\"lazy\" decoding=\"async\" height=\"16\" width=\"16\" alt=\"\ud83e\uddc0\" src=\"https:\/\/static.xx.fbcdn.net\/images\/emoji.php\/v9\/t3e\/1\/16\/1f9c0.png\"><img loading=\"lazy\" decoding=\"async\" height=\"16\" width=\"16\" alt=\"\ud83e\udd42\" src=\"https:\/\/static.xx.fbcdn.net\/images\/emoji.php\/v9\/tf\/1\/16\/1f942.png\"><\/p>\n\n\n\n<p><img loading=\"lazy\" decoding=\"async\" height=\"16\" width=\"16\" alt=\"\u2714\" src=\"https:\/\/static.xx.fbcdn.net\/images\/emoji.php\/v9\/t51\/1\/16\/2714.png\"> Souvenirs photos <img loading=\"lazy\" decoding=\"async\" height=\"16\" width=\"16\" alt=\"\ud83d\udcf8\" src=\"https:\/\/static.xx.fbcdn.net\/images\/emoji.php\/v9\/tde\/1\/16\/1f4f8.png\"><\/p>\n\n\n\n<p>Et bien s\u00fbr, tout est modulable : des options et prestations sur mesure sont possibles pour une journ\u00e9e \u00e0 votre image !<\/p>\n\n\n\n<p><img loading=\"lazy\" decoding=\"async\" height=\"16\" width=\"16\" alt=\"\ud83d\udcc5\" src=\"https:\/\/static.xx.fbcdn.net\/images\/emoji.php\/v9\/t7e\/1\/16\/1f4c5.png\"> Disponible d\u2019avril \u00e0 septembre<\/p>\n\n\n\n<p><img loading=\"lazy\" decoding=\"async\" height=\"16\" width=\"16\" alt=\"\ud83d\udccd\" src=\"https:\/\/static.xx.fbcdn.net\/images\/emoji.php\/v9\/t2d\/1\/16\/1f4cd.png\"> Lieu : Domaine Carlindia &#8211; Espinasse Vozelle (8km de Vichy)<\/p>\n\n\n\n<p><img loading=\"lazy\" decoding=\"async\" height=\"16\" width=\"16\" alt=\"\ud83d\udcde\" src=\"https:\/\/static.xx.fbcdn.net\/images\/emoji.php\/v9\/t4d\/1\/16\/1f4de.png\"> Infos &amp; r\u00e9servations : 06.95.95.88.22<\/p>\n\n\n\n<p><img loading=\"lazy\" decoding=\"async\" height=\"16\" width=\"16\" alt=\"\ud83d\udce9\" src=\"https:\/\/static.xx.fbcdn.net\/images\/emoji.php\/v9\/tc0\/1\/16\/1f4e9.png\"> Devis sur demande \u2013 conditions \u00e0 convenir<\/p>\n\n\n\n<p>Pr\u00eats pour une c\u00e9l\u00e9bration 100 % nature ? <img loading=\"lazy\" decoding=\"async\" height=\"16\" width=\"16\" alt=\"\ud83c\udf3b\" src=\"https:\/\/static.xx.fbcdn.net\/images\/emoji.php\/v9\/t1a\/1\/16\/1f33b.png\"><img loading=\"lazy\" decoding=\"async\" height=\"16\" width=\"16\" alt=\"\ud83c\udf88\" src=\"https:\/\/static.xx.fbcdn.net\/images\/emoji.php\/v9\/tb\/1\/16\/1f388.png\"> Contactez- nous d\u00e8s maintenant !<\/p>\n\n\n\n<p><a href=\"https:\/\/www.facebook.com\/photo\/?fbid=122217078062034936&amp;set=a.122108044304034936&amp;__cft__[0]=AZXkqI_H78YUjgtSPkqomsLmskAcoVRcCwipKn5ylyj0hles4N8EgtA0TMX1KMBEnam0tpeGF8L8dl6vd_c0jVLS_deutwpStRYW5q6U5TNlmbhzBDueIs0wevEbexGl6qztQSDS7YLyLtFzpxGRlUSVLEzcQRpJlJycvPO2tVjl87aEkBPCsJWIwBkeHpgEwY7mgKQ9-wC5spA6aI33CYky&amp;__tn__=EH-R\"><\/a><\/p>\n\n\n\n<figure class=\"wp-block-image\"><a href=\"https:\/\/www.facebook.com\/photo\/?fbid=122217078062034936&amp;set=a.122108044304034936&amp;__cft__[0]=AZXkqI_H78YUjgtSPkqomsLmskAcoVRcCwipKn5ylyj0hles4N8EgtA0TMX1KMBEnam0tpeGF8L8dl6vd_c0jVLS_deutwpStRYW5q6U5TNlmbhzBDueIs0wevEbexGl6qztQSDS7YLyLtFzpxGRlUSVLEzcQRpJlJycvPO2tVjl87aEkBPCsJWIwBkeHpgEwY7mgKQ9-wC5spA6aI33CYky&amp;__tn__=EH-R\"><img decoding=\"async\" src=\"https:\/\/scontent-cdg4-2.xx.fbcdn.net\/v\/t39.30808-6\/481219510_122217078068034936_8245195638185528814_n.jpg?stp=dst-jpg_s720x720_tt6&amp;_nc_cat=107&amp;ccb=1-7&amp;_nc_sid=833d8c&amp;_nc_ohc=6RAi_sF5r2AQ7kNvgHyaHKf&amp;_nc_oc=AdjSj0_bYZI7vgZcBlgCSjVFQ3ygZ7EYE6AreVhNsHP2zxqmzX9-bGd0a85zwXtUrfPPUBQg8ZYWAK5xcJXM9JO8&amp;_nc_zt=23&amp;_nc_ht=scontent-cdg4-2.xx&amp;_nc_gid=s7hTOQHensR8xmv-QDO89g&amp;oh=00_AYHfd8MOZgSt9rfeps69YVj1CUhzALt132KT6-btmvveZQ&amp;oe=67DD0311\" alt=\"Peut \u00eatre une image de 7 personnes, champagne et texte\"\/><\/a><\/figure>\n\n\n\n<blockquote class=\"wp-block-quote is-layout-flow wp-block-quote-is-layout-flow\">\n<p><\/p>\n<\/blockquote>\n\n\n\n<p><\/p>\n","protected":false},"excerpt":{"rendered":"<p>ANNIVERSAIRES &amp; EVJF C\u00e9l\u00e9brez Votre Ev\u00e9nement Autrement : Optez pour une Journ\u00e9e Champ\u00eatre ! Envie de prendre un grand bol d\u2019air et de marquer le coup avec un \u00e9v\u00e9nement original et inoubliable ? Que ce soit pour un anniversaire d\u2019enfant ou un enterrement de vie de jeune fille, offrez-vous une journ\u00e9e en pleine nature, loin &hellip; <\/p>\n<p class=\"link-more\"><a href=\"https:\/\/carlindia.com\/index.php\/champetres\/\" class=\"more-link\">Continuer la lecture<span class=\"screen-reader-text\"> de &laquo;&nbsp;Champ\u00eatres&nbsp;&raquo;<\/span><\/a><\/p>\n","protected":false},"author":1,"featured_media":0,"parent":0,"menu_order":0,"comment_status":"closed","ping_status":"closed","template":"","meta":{"footnotes":""},"class_list":["post-620","page","type-page","status-publish","hentry"],"_links":{"self":[{"href":"https:\/\/carlindia.com\/index.php\/wp-json\/wp\/v2\/pages\/620","targetHints":{"allow":["GET"]}}],"collection":[{"href":"https:\/\/carlindia.com\/index.php\/wp-json\/wp\/v2\/pages"}],"about":[{"href":"https:\/\/carlindia.com\/index.php\/wp-json\/wp\/v2\/types\/page"}],"author":[{"embeddable":true,"href":"https:\/\/carlindia.com\/index.php\/wp-json\/wp\/v2\/users\/1"}],"replies":[{"embeddable":true,"href":"https:\/\/carlindia.com\/index.php\/wp-json\/wp\/v2\/comments?post=620"}],"version-history":[{"count":3,"href":"https:\/\/carlindia.com\/index.php\/wp-json\/wp\/v2\/pages\/620\/revisions"}],"predecessor-version":[{"id":657,"href":"https:\/\/carlindia.com\/index.php\/wp-json\/wp\/v2\/pages\/620\/revisions\/657"}],"wp:attachment":[{"href":"https:\/\/carlindia.com\/index.php\/wp-json\/wp\/v2\/media?parent=620"}],"curies":[{"name":"wp","href":"https:\/\/api.w.org\/{rel}","templated":true}]}}