{"id":546,"date":"2025-03-16T19:34:10","date_gmt":"2025-03-16T18:34:10","guid":{"rendered":"https:\/\/carlindia.com\/?page_id=546"},"modified":"2025-03-16T20:55:08","modified_gmt":"2025-03-16T19:55:08","slug":"quad-horse","status":"publish","type":"page","link":"https:\/\/carlindia.com\/index.php\/quad-horse\/","title":{"rendered":"Quad Horse"},"content":{"rendered":"\n<div class=\"wp-block-media-text is-stacked-on-mobile\"><figure class=\"wp-block-media-text__media\"><img loading=\"lazy\" decoding=\"async\" width=\"724\" height=\"1024\" src=\"https:\/\/carlindia.com\/wp-content\/uploads\/2025\/03\/Black-and-White-Modern-Fashion-Flyer.png-724x1024.jpg\" alt=\"\" class=\"wp-image-642 size-full\" srcset=\"https:\/\/carlindia.com\/wp-content\/uploads\/2025\/03\/Black-and-White-Modern-Fashion-Flyer.png-724x1024.jpg 724w, https:\/\/carlindia.com\/wp-content\/uploads\/2025\/03\/Black-and-White-Modern-Fashion-Flyer.png-212x300.jpg 212w, https:\/\/carlindia.com\/wp-content\/uploads\/2025\/03\/Black-and-White-Modern-Fashion-Flyer.png-768x1086.jpg 768w, https:\/\/carlindia.com\/wp-content\/uploads\/2025\/03\/Black-and-White-Modern-Fashion-Flyer.png-1086x1536.jpg 1086w, https:\/\/carlindia.com\/wp-content\/uploads\/2025\/03\/Black-and-White-Modern-Fashion-Flyer.png.jpg 1414w\" sizes=\"auto, (max-width: 724px) 100vw, 724px\" \/><\/figure><div class=\"wp-block-media-text__content\">\n<p><img loading=\"lazy\" decoding=\"async\" height=\"16\" width=\"16\" src=\"https:\/\/static.xx.fbcdn.net\/images\/emoji.php\/v9\/te0\/1\/16\/1f31f.png\" alt=\"\ud83c\udf1f\"> QUAD HORSE : Deux exp\u00e9riences, un duo, une aventure inoubliable ! <img loading=\"lazy\" decoding=\"async\" height=\"16\" width=\"16\" src=\"https:\/\/static.xx.fbcdn.net\/images\/emoji.php\/v9\/te0\/1\/16\/1f31f.png\" alt=\"\ud83c\udf1f\"><\/p>\n\n\n\n<p>Venez vivre des moments uniques avec Quad Horse ! Nous vous proposons des aventures exceptionnelles, en duo ou en groupe, \u00e0 la d\u00e9couverte des paysages de notre r\u00e9gion.<\/p>\n\n\n\n<p><img loading=\"lazy\" decoding=\"async\" height=\"16\" width=\"16\" alt=\"\ud83d\ude97\" src=\"https:\/\/static.xx.fbcdn.net\/images\/emoji.php\/v9\/tec\/1\/16\/1f697.png\"><img loading=\"lazy\" decoding=\"async\" height=\"16\" width=\"16\" alt=\"\ud83d\udc0e\" src=\"https:\/\/static.xx.fbcdn.net\/images\/emoji.php\/v9\/t1\/1\/16\/1f40e.png\">Formule combin\u00e9e Quad &amp; Horse : Partez ensemble en simultan\u00e9 pour une exp\u00e9rience in\u00e9dite en Quad et \u00e0 cheval.<\/p>\n\n\n\n<p><img loading=\"lazy\" decoding=\"async\" height=\"16\" width=\"16\" alt=\"\ud83d\udc34\" src=\"https:\/\/static.xx.fbcdn.net\/images\/emoji.php\/v9\/t2d\/1\/16\/1f434.png\"><img loading=\"lazy\" decoding=\"async\" height=\"16\" width=\"16\" alt=\"\ud83d\ude99\" src=\"https:\/\/static.xx.fbcdn.net\/images\/emoji.php\/v9\/tee\/1\/16\/1f699.png\"><a><\/a>Pack Quad &amp; Horse : Un duo, deux activit\u00e9s \u00e0 vivre successivement dans la m\u00eame journ\u00e9e. Sensations garanties !<\/p>\n\n\n\n<p><img loading=\"lazy\" decoding=\"async\" height=\"16\" width=\"16\" alt=\"\ud83d\udc65\" src=\"https:\/\/static.xx.fbcdn.net\/images\/emoji.php\/v9\/t8b\/1\/16\/1f465.png\"> Balades de groupe : Organis\u00e9es ou sur r\u00e9servation, pour partager des instants magiques en famille, entre amis ou pour un \u00e9v\u00e9nement sp\u00e9cial.<\/p>\n\n\n\n<p>Partenariat Domaine Carlindia &amp; Quad Aventure \u00e0 Espinasse Vozelle (8km de Vichy<img loading=\"lazy\" decoding=\"async\" height=\"16\" width=\"16\" alt=\"\ud83d\udccd\" src=\"https:\/\/static.xx.fbcdn.net\/images\/emoji.php\/v9\/t2d\/1\/16\/1f4cd.png\">)<\/p>\n\n\n\n<p><img loading=\"lazy\" decoding=\"async\" height=\"16\" width=\"16\" src=\"https:\/\/static.xx.fbcdn.net\/images\/emoji.php\/v9\/tc0\/1\/16\/1f4e9.png\" alt=\"\ud83d\udce9\"> Pour plus d&rsquo;informations, tarifs ou devis personnalis\u00e9s, contactez-nous par message priv\u00e9 !<\/p>\n\n\n\n<p><\/p>\n\n\n\n<p><\/p>\n\n\n\n<p><\/p>\n<\/div><\/div>\n\n\n\n<p>Nous vous invitons \u00e0 d\u00e9couvrir le projet QUAD HORSE, ainsi que son origine <img loading=\"lazy\" decoding=\"async\" height=\"16\" width=\"16\" src=\"https:\/\/static.xx.fbcdn.net\/images\/emoji.php\/v9\/t58\/1\/16\/1f929.png\" alt=\"\ud83e\udd29\"><\/p>\n\n\n\n<p>Cette initiative est n\u00e9e de la rencontre entre Daniel <a><\/a>(Quad Aventure), menuisier de profession, et Carla (Domaine Carlindia), r\u00e9cemment install\u00e9e sur le domaine voisin de la propri\u00e9t\u00e9 de Daniel <img loading=\"lazy\" decoding=\"async\" height=\"16\" width=\"16\" alt=\"\ud83d\ude01\" src=\"https:\/\/static.xx.fbcdn.net\/images\/emoji.php\/v9\/t4f\/1\/16\/1f601.png\"><\/p>\n\n\n\n<p>Bien que ne se connaissant pas auparavant, tous deux partageaient la m\u00eame ambition : d\u00e9velopper des activit\u00e9s de plein air, Daniel avec le quad et Carla avec l\u2019\u00e9quitation <img loading=\"lazy\" decoding=\"async\" height=\"16\" width=\"16\" alt=\"\ud83c\udf43\" src=\"https:\/\/static.xx.fbcdn.net\/images\/emoji.php\/v9\/ta\/1\/16\/1f343.png\"><\/p>\n\n\n\n<p>Il leur est donc apparu comme une \u00e9vidence d\u2019allier leurs passions respectives en cr\u00e9ant une exp\u00e9rience unique : le QUAD HORSE <img loading=\"lazy\" decoding=\"async\" height=\"16\" width=\"16\" alt=\"\ud83d\udefa\" src=\"https:\/\/static.xx.fbcdn.net\/images\/emoji.php\/v9\/t9\/1\/16\/1f6fa.png\"><img loading=\"lazy\" decoding=\"async\" height=\"16\" width=\"16\" alt=\"\ud83d\udc34\" src=\"https:\/\/static.xx.fbcdn.net\/images\/emoji.php\/v9\/t2d\/1\/16\/1f434.png\"><\/p>\n\n\n\n<p>Ce concept novateur s\u2019adresse \u00e0 tous les amoureux de la nature et des sensations fortes, en offrant une activit\u00e9 in\u00e9dite qui permet aux participants de partager un moment privil\u00e9gi\u00e9 en duo. Que ce soit entre amis, en couple ou en famille, chacun pourra vivre une aventure immersive et authentique <img loading=\"lazy\" decoding=\"async\" height=\"16\" width=\"16\" alt=\"\ud83d\ude0d\" src=\"https:\/\/static.xx.fbcdn.net\/images\/emoji.php\/v9\/t2\/1\/16\/1f60d.png\"><\/p>\n\n\n\n<p><img loading=\"lazy\" decoding=\"async\" height=\"16\" width=\"16\" alt=\"\u25b6\ufe0f\" src=\"https:\/\/static.xx.fbcdn.net\/images\/emoji.php\/v9\/t40\/1\/16\/25b6.png\"> Nous proposons plusieurs formules adapt\u00e9es aux envies de chacun :<\/p>\n\n\n\n<p>\u2022 Des balades combin\u00e9es Quad Horse : o\u00f9 cavaliers et pilotes de quad \u00e9voluent en parall\u00e8le, en solo ou en groupe, pour des dur\u00e9es vari\u00e9es.<\/p>\n\n\n\n<p>\u2022 Des packs Quad Horse, qui offrent la possibilit\u00e9 de d\u00e9couvrir les deux disciplines au sein d\u2019une m\u00eame journ\u00e9e : une session de quad suivie d\u2019une balade \u00e9questre, permettant ainsi d\u2019explorer la compl\u00e9mentarit\u00e9 de ces deux univers<\/p>\n\n\n\n<figure class=\"wp-block-video\"><video height=\"1080\" style=\"aspect-ratio: 1920 \/ 1080;\" width=\"1920\" controls src=\"https:\/\/carlindia.com\/wp-content\/uploads\/2025\/03\/4d47d36cf3354f3a8b976e9e4d9c4d82.mov\"><\/video><\/figure>\n\n\n\n<p><\/p>\n\n\n\n<div class=\"wp-block-group\"><div class=\"wp-block-group__inner-container is-layout-constrained wp-block-group-is-layout-constrained\">\n<figure class=\"wp-block-image size-large is-resized\"><img loading=\"lazy\" decoding=\"async\" width=\"1024\" height=\"644\" src=\"https:\/\/carlindia.com\/wp-content\/uploads\/2025\/03\/448172877_122120447642290825_7878528870179376833_n-4-1024x644.jpg\" alt=\"\" class=\"wp-image-652\" style=\"width:171px;height:auto\" srcset=\"https:\/\/carlindia.com\/wp-content\/uploads\/2025\/03\/448172877_122120447642290825_7878528870179376833_n-4-1024x644.jpg 1024w, https:\/\/carlindia.com\/wp-content\/uploads\/2025\/03\/448172877_122120447642290825_7878528870179376833_n-4-300x189.jpg 300w, https:\/\/carlindia.com\/wp-content\/uploads\/2025\/03\/448172877_122120447642290825_7878528870179376833_n-4-768x483.jpg 768w, https:\/\/carlindia.com\/wp-content\/uploads\/2025\/03\/448172877_122120447642290825_7878528870179376833_n-4.jpg 1164w\" sizes=\"auto, (max-width: 706px) 89vw, (max-width: 767px) 82vw, 740px\" \/><\/figure>\n<\/div><\/div>\n\n\n\n<p><\/p>\n\n\n\n<p><\/p>\n\n\n\n<p><\/p>\n\n\n\n<p><\/p>\n","protected":false},"excerpt":{"rendered":"<p>QUAD HORSE : Deux exp\u00e9riences, un duo, une aventure inoubliable ! Venez vivre des moments uniques avec Quad Horse ! Nous vous proposons des aventures exceptionnelles, en duo ou en groupe, \u00e0 la d\u00e9couverte des paysages de notre r\u00e9gion. Formule combin\u00e9e Quad &amp; Horse : Partez ensemble en simultan\u00e9 pour une exp\u00e9rience in\u00e9dite en Quad &hellip; <\/p>\n<p class=\"link-more\"><a href=\"https:\/\/carlindia.com\/index.php\/quad-horse\/\" class=\"more-link\">Continuer la lecture<span class=\"screen-reader-text\"> de &laquo;&nbsp;Quad Horse&nbsp;&raquo;<\/span><\/a><\/p>\n","protected":false},"author":1,"featured_media":0,"parent":0,"menu_order":0,"comment_status":"closed","ping_status":"closed","template":"","meta":{"footnotes":""},"class_list":["post-546","page","type-page","status-publish","hentry"],"_links":{"self":[{"href":"https:\/\/carlindia.com\/index.php\/wp-json\/wp\/v2\/pages\/546","targetHints":{"allow":["GET"]}}],"collection":[{"href":"https:\/\/carlindia.com\/index.php\/wp-json\/wp\/v2\/pages"}],"about":[{"href":"https:\/\/carlindia.com\/index.php\/wp-json\/wp\/v2\/types\/page"}],"author":[{"embeddable":true,"href":"https:\/\/carlindia.com\/index.php\/wp-json\/wp\/v2\/users\/1"}],"replies":[{"embeddable":true,"href":"https:\/\/carlindia.com\/index.php\/wp-json\/wp\/v2\/comments?post=546"}],"version-history":[{"count":7,"href":"https:\/\/carlindia.com\/index.php\/wp-json\/wp\/v2\/pages\/546\/revisions"}],"predecessor-version":[{"id":654,"href":"https:\/\/carlindia.com\/index.php\/wp-json\/wp\/v2\/pages\/546\/revisions\/654"}],"wp:attachment":[{"href":"https:\/\/carlindia.com\/index.php\/wp-json\/wp\/v2\/media?parent=546"}],"curies":[{"name":"wp","href":"https:\/\/api.w.org\/{rel}","templated":true}]}}