{"id":544,"date":"2025-03-16T19:33:56","date_gmt":"2025-03-16T18:33:56","guid":{"rendered":"https:\/\/carlindia.com\/?page_id=544"},"modified":"2025-11-02T19:44:19","modified_gmt":"2025-11-02T18:44:19","slug":"balade-equestre","status":"publish","type":"page","link":"https:\/\/carlindia.com\/index.php\/balade-equestre\/","title":{"rendered":"Balades Equestres"},"content":{"rendered":"\n<p>ADULTES ET ENFANTS<\/p>\n\n\n\n<p>Venez d\u00e9couvrir la magie du cheval \u00e0 travers nos&nbsp;<strong>balades \u00e9questres accessibles \u00e0 tous<\/strong>, que vous soyez&nbsp;<strong>d\u00e9butant, cavalier confirm\u00e9, en famille, entre amis, en groupe ou dans le cadre d\u2019un s\u00e9minaire d\u2019entreprise<\/strong>.<br>Nos sorties sont&nbsp;<strong>encadr\u00e9es par notre Accompagnatrice de Tourisme \u00c9questre (ATE)<\/strong>, <strong>EQUIWAY<\/strong>, garantissant s\u00e9curit\u00e9, convivialit\u00e9 et respect du bien-\u00eatre animal.<\/p>\n\n\n\n<p>Chaque monture est soigneusement choisie en fonction de votre&nbsp;<strong>niveau, morphologie et aisance<\/strong>, afin que chacun profite pleinement de cette exp\u00e9rience unique en harmonie avec le cheval et la nature.<\/p>\n\n\n\n<p>Nos balades se d\u00e9roulent \u00e0 Espinasse Vozelle entre&nbsp;<strong>for\u00eats, prairies et \u00e9tangs<\/strong>, pour une immersion totale dans un cadre naturel apaisant.<\/p>\n\n\n\n<p>Les balades sont&nbsp;<strong>propos\u00e9es toute l\u2019ann\u00e9e sur r\u00e9servation<\/strong>, pour une heure, deux heures, trois heures, une demi-journ\u00e9e ou une journ\u00e9e compl\u00e8te selon vos envies.<\/p>\n\n\n\n<p>Nous organisons \u00e9galement des&nbsp;<strong>randonn\u00e9es th\u00e9matiques<\/strong>&nbsp;(au coucher du soleil, ap\u00e9ro, halloween&#8230;) et des&nbsp;<strong>sorties par niveau<\/strong>&nbsp;pour ceux qui souhaitent progresser ou vivre une aventure plus sportive.<\/p>\n\n\n\n<p>&nbsp;<strong>Vivez un moment de libert\u00e9, de partage et de connexion avec le cheval, dans le respect et la bienveillance.<\/strong><\/p>\n\n\n\n<p><\/p>\n\n\n\n<p>Nous proposons \u00e9galement des <strong>balades pour enfants \u00e0 poney, double poney ou \u00e2ne<\/strong>, d\u2019une dur\u00e9e de <strong>30 minutes \u00e0 1 heure<\/strong>, au sein du domaine avec rencontre des animaux de ferme <br>Ces balades se font <strong>uniquement sur r\u00e9servation<\/strong> et <strong>sous la responsabilit\u00e9 du repr\u00e9sentant l\u00e9gal<\/strong>, qui tient la monture durant toute la promenade.<\/p>\n\n\n\n<p>De temps \u00e0 autre, nous organisons aussi des <strong>randonn\u00e9es et activit\u00e9s enfants encadr\u00e9es par notre monitrice d\u2019\u00e9quitation dipl\u00f4m\u00e9e BPJEPS<\/strong>,<strong> EQUIWAY<\/strong>, pour leur faire d\u00e9couvrir le monde du poney et la vie \u00e0 la ferme de mani\u00e8re ludique et s\u00e9curis\u00e9e.<\/p>\n\n\n\n<p>Et bient\u00f4t, les enfants pourront vivre une exp\u00e9rience originale avec un <strong>tour \u00e0 dos de vache<\/strong> ! \ud83d\udc04<\/p>\n\n\n\n<p>06 95 95 88 22 <\/p>\n\n\n\n<p><\/p>\n\n\n\n<p><\/p>\n\n\n\n<p><\/p>\n\n\n\n<p><\/p>\n\n\n<div id=\"metaslider-id-253\" style=\"width: 100%;\" class=\"ml-slider-3-62-0 metaslider metaslider-flex metaslider-253 ml-slider ms-theme-default nav-hidden\" role=\"region\" aria-roledescription=\"Slideshow\" aria-label=\"Nouveau diaporama\">\n    <div id=\"metaslider_container_253\">\n        <div id=\"metaslider_253\">\n            <ul aria-live=\"polite\" class=\"slides\">\n                <li style=\"display: block; width: 100%;\" class=\"slide-254 ms-image \" aria-roledescription=\"slide\" aria-label=\"slide-254\"><img loading=\"lazy\" decoding=\"async\" width=\"2400\" height=\"1600\" src=\"https:\/\/carlindia.com\/wp-content\/uploads\/2024\/03\/433589027_1164911781289194_6571086186646739495_n-3.jpg\" class=\"slider-253 slide-254\" alt=\"\" rel=\"\" title=\"433589027_1164911781289194_6571086186646739495_n-3\" srcset=\"https:\/\/carlindia.com\/wp-content\/uploads\/2024\/03\/433589027_1164911781289194_6571086186646739495_n-3.jpg 2400w, https:\/\/carlindia.com\/wp-content\/uploads\/2024\/03\/433589027_1164911781289194_6571086186646739495_n-3-300x200.jpg 300w, https:\/\/carlindia.com\/wp-content\/uploads\/2024\/03\/433589027_1164911781289194_6571086186646739495_n-3-1024x683.jpg 1024w, https:\/\/carlindia.com\/wp-content\/uploads\/2024\/03\/433589027_1164911781289194_6571086186646739495_n-3-768x512.jpg 768w, https:\/\/carlindia.com\/wp-content\/uploads\/2024\/03\/433589027_1164911781289194_6571086186646739495_n-3-1536x1024.jpg 1536w, https:\/\/carlindia.com\/wp-content\/uploads\/2024\/03\/433589027_1164911781289194_6571086186646739495_n-3-2048x1365.jpg 2048w\" sizes=\"auto, 100vw\" \/><\/li>\n                <li style=\"display: none; width: 100%;\" class=\"slide-257 ms-image \" aria-roledescription=\"slide\" aria-label=\"slide-257\"><img loading=\"lazy\" decoding=\"async\" width=\"960\" height=\"720\" src=\"https:\/\/carlindia.com\/wp-content\/uploads\/2024\/03\/187309632_3714365858669353_3614323065314251228_n.jpg\" class=\"slider-253 slide-257\" alt=\"\" rel=\"\" title=\"187309632_3714365858669353_3614323065314251228_n\" srcset=\"https:\/\/carlindia.com\/wp-content\/uploads\/2024\/03\/187309632_3714365858669353_3614323065314251228_n.jpg 960w, https:\/\/carlindia.com\/wp-content\/uploads\/2024\/03\/187309632_3714365858669353_3614323065314251228_n-300x225.jpg 300w, https:\/\/carlindia.com\/wp-content\/uploads\/2024\/03\/187309632_3714365858669353_3614323065314251228_n-768x576.jpg 768w\" sizes=\"auto, 100vw\" \/><\/li>\n                <li style=\"display: none; width: 100%;\" class=\"slide-256 ms-image \" aria-roledescription=\"slide\" aria-label=\"slide-256\"><img loading=\"lazy\" decoding=\"async\" width=\"720\" height=\"480\" src=\"https:\/\/carlindia.com\/wp-content\/uploads\/2024\/03\/bed8654a-199d-4eda-9984-b5c09cdab59e.jpg\" class=\"slider-253 slide-256\" alt=\"\" rel=\"\" title=\"bed8654a-199d-4eda-9984-b5c09cdab59e\" srcset=\"https:\/\/carlindia.com\/wp-content\/uploads\/2024\/03\/bed8654a-199d-4eda-9984-b5c09cdab59e.jpg 720w, https:\/\/carlindia.com\/wp-content\/uploads\/2024\/03\/bed8654a-199d-4eda-9984-b5c09cdab59e-300x200.jpg 300w\" sizes=\"auto, 100vw\" \/><\/li>\n            <\/ul>\n        <\/div>\n        \n    <\/div>\n<\/div>\n\n\n\n<p><\/p>\n\n\n\n<p>FORMULAIRE DE RESERVATION BALADE<\/p>\n\n\n\n<div class=\"wpcf7 no-js\" id=\"wpcf7-f477-o1\" lang=\"fr-FR\" dir=\"ltr\">\n<div class=\"screen-reader-response\"><p role=\"status\" aria-live=\"polite\" aria-atomic=\"true\"><\/p> <ul><\/ul><\/div>\n<form action=\"\/index.php\/wp-json\/wp\/v2\/pages\/544#wpcf7-f477-o1\" method=\"post\" class=\"wpcf7-form init\" aria-label=\"Formulaire de contact\" novalidate=\"novalidate\" data-status=\"init\">\n<div style=\"display: none;\">\n<input type=\"hidden\" name=\"_wpcf7\" value=\"477\" \/>\n<input type=\"hidden\" name=\"_wpcf7_version\" value=\"5.9.3\" \/>\n<input type=\"hidden\" name=\"_wpcf7_locale\" value=\"fr_FR\" \/>\n<input type=\"hidden\" name=\"_wpcf7_unit_tag\" value=\"wpcf7-f477-o1\" \/>\n<input type=\"hidden\" name=\"_wpcf7_container_post\" value=\"0\" \/>\n<input type=\"hidden\" name=\"_wpcf7_posted_data_hash\" value=\"\" \/>\n<\/div>\n<p><label> Votre nom et pr\u00e9nom<br \/>\n<span class=\"wpcf7-form-control-wrap\" data-name=\"your-name\"><input size=\"40\" class=\"wpcf7-form-control wpcf7-text wpcf7-validates-as-required\" autocomplete=\"name\" aria-required=\"true\" aria-invalid=\"false\" value=\"\" type=\"text\" name=\"your-name\" \/><\/span> <\/label>\n<\/p>\n<p><label> Votre t\u00e9l\u00e9phone<br \/>\n<span class=\"wpcf7-form-control-wrap\" data-name=\"text-987\"><input size=\"40\" class=\"wpcf7-form-control wpcf7-text\" aria-invalid=\"false\" value=\"\" type=\"text\" name=\"text-987\" \/><\/span><br \/>\n<label> Votre e-mail<br \/>\n<span class=\"wpcf7-form-control-wrap\" data-name=\"your-email\"><input size=\"40\" class=\"wpcf7-form-control wpcf7-email wpcf7-validates-as-required wpcf7-text wpcf7-validates-as-email\" autocomplete=\"email\" aria-required=\"true\" aria-invalid=\"false\" value=\"\" type=\"email\" name=\"your-email\" \/><\/span> <\/label><br \/>\n<label> Dur\u00e9e<br \/>\n<span class=\"wpcf7-form-control-wrap\" data-name=\"menu-446\"><select class=\"wpcf7-form-control wpcf7-select\" aria-invalid=\"false\" multiple=\"multiple\" name=\"menu-446[]\"><option value=\"Balade 1h\">Balade 1h<\/option><option value=\"Balade 2h\">Balade 2h<\/option><option value=\"Balade 3h\">Balade 3h<\/option><option value=\"Journ\u00e9e\">Journ\u00e9e<\/option><\/select><\/span><br \/>\n<label> Date et horaire souhait\u00e9e<br \/>\n<span class=\"wpcf7-form-control-wrap\" data-name=\"text-987\"><input size=\"40\" class=\"wpcf7-form-control wpcf7-text\" aria-invalid=\"false\" value=\"\" type=\"text\" name=\"text-987\" \/><\/span><br \/>\n<label> Nombre de cavaliers<br \/>\n<span class=\"wpcf7-form-control-wrap\" data-name=\"menu-446\"><select class=\"wpcf7-form-control wpcf7-select\" aria-invalid=\"false\" multiple=\"multiple\" name=\"menu-446[]\"><option value=\"1\">1<\/option><option value=\"2\">2<\/option><option value=\"3\">3<\/option><option value=\"4\">4<\/option><option value=\"5\">5<\/option><option value=\"6\">6<\/option><\/select><\/span><br \/>\n<label> Nom(s) Pr\u00e9nom(s) Age(s) Taille(s) Poids Niveau(x) de chaque cavalier<br \/>\n<span class=\"wpcf7-form-control-wrap\" data-name=\"textarea-976\"><textarea cols=\"40\" rows=\"10\" class=\"wpcf7-form-control wpcf7-textarea\" aria-invalid=\"false\" name=\"textarea-976\"><\/textarea><\/span><br \/>\n<label> Votre message (facultatif)<br \/>\n<span class=\"wpcf7-form-control-wrap\" data-name=\"your-message\"><textarea cols=\"40\" rows=\"10\" class=\"wpcf7-form-control wpcf7-textarea\" aria-invalid=\"false\" name=\"your-message\"><\/textarea><\/span> <\/label><br \/>\n<input class=\"wpcf7-form-control wpcf7-submit has-spinner\" type=\"submit\" value=\"Envoyer\" \/><\/label><\/label><\/label><\/label><\/label>\n<\/p><div class=\"wpcf7-response-output\" aria-hidden=\"true\"><\/div>\n<\/form>\n<\/div>\n\n","protected":false},"excerpt":{"rendered":"<p>ADULTES ET ENFANTS Venez d\u00e9couvrir la magie du cheval \u00e0 travers nos&nbsp;balades \u00e9questres accessibles \u00e0 tous, que vous soyez&nbsp;d\u00e9butant, cavalier confirm\u00e9, en famille, entre amis, en groupe ou dans le cadre d\u2019un s\u00e9minaire d\u2019entreprise.Nos sorties sont&nbsp;encadr\u00e9es par notre Accompagnatrice de Tourisme \u00c9questre (ATE), EQUIWAY, garantissant s\u00e9curit\u00e9, convivialit\u00e9 et respect du bien-\u00eatre animal. Chaque monture est &hellip; <\/p>\n<p class=\"link-more\"><a href=\"https:\/\/carlindia.com\/index.php\/balade-equestre\/\" class=\"more-link\">Continuer la lecture<span class=\"screen-reader-text\"> de &laquo;&nbsp;Balades Equestres&nbsp;&raquo;<\/span><\/a><\/p>\n","protected":false},"author":1,"featured_media":0,"parent":0,"menu_order":0,"comment_status":"closed","ping_status":"closed","template":"","meta":{"footnotes":""},"class_list":["post-544","page","type-page","status-publish","hentry"],"_links":{"self":[{"href":"https:\/\/carlindia.com\/index.php\/wp-json\/wp\/v2\/pages\/544","targetHints":{"allow":["GET"]}}],"collection":[{"href":"https:\/\/carlindia.com\/index.php\/wp-json\/wp\/v2\/pages"}],"about":[{"href":"https:\/\/carlindia.com\/index.php\/wp-json\/wp\/v2\/types\/page"}],"author":[{"embeddable":true,"href":"https:\/\/carlindia.com\/index.php\/wp-json\/wp\/v2\/users\/1"}],"replies":[{"embeddable":true,"href":"https:\/\/carlindia.com\/index.php\/wp-json\/wp\/v2\/comments?post=544"}],"version-history":[{"count":8,"href":"https:\/\/carlindia.com\/index.php\/wp-json\/wp\/v2\/pages\/544\/revisions"}],"predecessor-version":[{"id":907,"href":"https:\/\/carlindia.com\/index.php\/wp-json\/wp\/v2\/pages\/544\/revisions\/907"}],"wp:attachment":[{"href":"https:\/\/carlindia.com\/index.php\/wp-json\/wp\/v2\/media?parent=544"}],"curies":[{"name":"wp","href":"https:\/\/api.w.org\/{rel}","templated":true}]}}